f l?
5
Let m be (-97521)/24*2 - (-2)/(-8). What is the units digit of -1 - m/13 - (-26)/(-169)?
4
Suppose -2*w + 116 = 2*w. Let x = 72 - w. Suppose 50*k - x*k - 350 = 0. What is the tens digit of k?
5
Let l(g) = -4019*g**3 - 35*g - 63. What is the hundreds digit of l(-2)?
1
What is the hundreds digit of (-2306)/(((-513)/(-228)*2/(-3))/12)?
4
Let m(v) = 40*v**3 + 10*v**2 + 16*v - 52. Let u be m(5). Suppose -2*a + 2348 = 3*i, -5*a = -5*i - u - 592. What is the units digit of a?
4
Let t(x) = x - 4. Let w be t(0). Suppose 2*k = 3*i - 2, 49*k + 3*i + 5 = 44*k. What is the units digit of (2 + (k - 2) - w)*3?
9
Let y(o) be the third derivative of o**6/120 - 7*o**5/60 - 25*o**4/24 - o**3/3 - 26*o**2. What is the tens digit of y(11)?
0
Let t = 11 + -1. Suppose -3*g + 7*q - t = 2*q, q - 15 = -2*g. Suppose g*o = 74 + 26. What is the units digit of o?
0
Let g(k) = -k**3 + 23*k**2 + 3*k - 57. Let v be g(23). Let c = -25 + v. Let q(d) = d**3 + 13*d**2 - 16*d - 4. What is the tens digit of q(c)?
0
Let u(a) = -3*a + 8. Let t = 105 + -117. What is the tens digit of u(t)?
4
Let m be (-565)/4 + -7*(-9)/252. What is the units digit of 20*(-1)/6*m?
0
Let u be (395/(-10) - -6)/((-4)/112). Let l = -512 + u. What is the tens digit of l?
2
Suppose 8 - 23 = -5*j. Let a(m) = 14 - 44 - 16*m**2 - 3 - 4*m**j + 3*m**3. What is the tens digit of a(-17)?
5
Suppose 30854*h - 157586 = 30843*h. What is the hundreds digit of h?
3
Let u = -12469 + 13051. What is the tens digit of u?
8
Let q be ((-317)/1)/(-18 + 17). Suppose 1420 = 9*j - q. What is the tens digit of j?
9
Let j = 2953 - 1448. What is the hundreds digit of j?
5
Let g(h) = -873*h + 1993. What is the units digit of g(-25)?
8
Let i(x) = x + 150 + 0*x + 2*x + 5*x**2 - 159. What is the tens digit of i(6)?
8
Let w(c) = -129*c - 3. Let f be w(-1). Let d = 210 - f. Let s = 143 - d. What is the tens digit of s?
5
Let w(a) = -2*a**3 - 22*a**2 - 6*a. Let d be w(-10). Let j = d + 252. What is the units digit of j?
2
Let u(v) be the second derivative of v**3/6 + 14*v**2 + 80*v. Suppose -8*a - 18 = -9*a. What is the tens digit of u(a)?
4
What is the tens digit of (-3)/4 - 9*284877/(-108)?
3
What is the thousands digit of (-234125)/(-250)*(0 - -2)?
1
Let v be (3/6)/(10/24180). Suppose -4*k + 6090 = 2*d + 3*d, -d = -k - v. What is the units digit of d?
4
Let g(d) = 25*d**3 + 4*d**2 + 29*d - 140. What is the hundreds digit of g(4)?
6
Suppose 248373 + 456777 = 18*t. What is the thousands digit of t?
9
Suppose 93*b - 1586979 - 3853957 + 218614 = 0. What is the thousands digit of b?
6
Let m(k) = k**2 + 3*k + 2. Let y be m(-2). Suppose 4*z = 3*d + 559, y = -z - 8*d + 3*d + 157. What is the units digit of z?
2
Suppose 3*v = -2*v - 5*i + 6370, 0 = -2*i + 12. What is the units digit of v?
8
What is the ten thousands digit of -4*14581*18/(-72)?
1
Let c = -57 + 62. Suppose -293 = -x + 4*v, c*x = -0*x + 3*v + 1482. Let m = -163 + x. What is the units digit of m?
4
What is the thousands digit of (-66)/(-495) - (0 - (-487164)/(-45))?
0
Let h(m) = 33*m**3 + m**2 - 27*m - 41. What is the hundreds digit of h(6)?
9
Let z be 4*6 - (15 + -18). Suppose 0 = 30*n - z*n - 918. What is the tens digit of n?
0
Let u(p) = 329*p - 71. What is the tens digit of u(3)?
1
Let a(o) = -3*o - 38. Let z be a(-16). Let b(n) = 46*n - z*n - 6 + 1 + 10*n. What is the tens digit of b(2)?
8
What is the thousands digit of (24848/(-272))/((-8)/136)?
1
Suppose -5*b = -2*o + 63, 9 = o - 5*b - 10. Let y = 70 - o. Let k = 170 - y. What is the units digit of k?
4
Let z be 30*(1305/10 - -1). Suppose -3*v = -5*u + z, -3*v + 2556 = 3*u + 213. What is the hundreds digit of u?
7
Let l(d) = 1363*d**2 + 2388*d + 9555. What is the units digit of l(-4)?
1
Let v(m) be the first derivative of -140*m**2 + 411*m + 212. What is the thousands digit of v(-5)?
1
Let a = -77 - -162. Suppose 3*o - 76 = -4*i, 28*o - 30*o + i + 47 = 0. Let f = o + a. What is the tens digit of f?
0
Let z be (3 + -4 - -15)*(1 + 4). Suppose z = 2*s + 60. Suppose -4*f = 4*x - 6 - 146, -s*f + 150 = -3*x. What is the tens digit of f?
3
Let d be (79/3)/1 - 28/(-42). Suppose d*p - 22*p - 15 = 0. Let m(i) = 76*i - 10. What is the units digit of m(p)?
8
Suppose 61*i - 28530 = -2*h + 62*i, -7*h - 4*i + 99810 = 0. What is the thousands digit of h?
4
Let k(x) = x**3 - 6*x**2 + 4*x + 3. Let c be k(4). Let a(p) = -63*p + 128. What is the units digit of a(c)?
7
Suppose 5*o + m - 5845 = -0*o, o = -2*m + 1160. Suppose -493*z + 484*z = -o. What is the tens digit of z?
3
Let y be (25/(-14) - 12/(-8))*-14. Suppose -y*l + 22*l - 12222 = 0. What is the hundreds digit of l?
6
Let a = 37 - 3. Let q = 4 + a. Let y = q + -17. What is the units digit of y?
1
Let p(g) = 6*g**2 + 48*g + 12. Let a be p(-25). Suppose 10*f - 24*f + a = 0. What is the hundreds digit of f?
1
Suppose 1201648 = 108*b - 463280. What is the hundreds digit of b?
4
Suppose -147 = -z - 2*z. Let c = z + -44. Suppose 2*o - 12 = 2*x + 56, -2*o + 74 = -c*x. What is the units digit of o?
2
Suppose -39*n = -50*n - 11946. Let i = n - -1768. What is the tens digit of i?
8
Suppose 2*o + 7042 = 4*b, 0 = -4*b + o + 4*o + 7039. What is the thousands digit of b?
1
Suppose 0 = -7*q + 4*q + 3*m + 18, 5*q + 2*m - 9 = 0. What is the hundreds digit of 1/q + ((-4959)/(-27) - 6)?
1
Suppose 5*n = -p + 35536, -n - 4*p = 962 - 8073. What is the tens digit of n?
0
Let h(r) = -r**3 + 4*r**2 + 5*r + 2. Let q be h(5). Let x be (q/(-3))/(2/(-5 - 1)). What is the units digit of -1*(3/x)/(-3)*158?
9
Let a(d) = -2*d + 2. Let i be a(-1). Suppose -2*j + 6 = -i*q + j, -5*q - 6 = -3*j. Suppose -r + 24 = 2*o, q = r - o - 3*o - 36. What is the units digit of r?
8
Let n be -4 + 5*(-40)/(-25). What is the tens digit of (n + -129)*(0 + -2)?
5
Let m = 34 - 28. Suppose -13*y = -m*y - 301. What is the tens digit of y?
4
Suppose o = -1, 3 = 28*w - 29*w + 3*o. Let y(f) = -2 - 2 + 4*f + 3*f + 3*f**2. What is the units digit of y(w)?
2
Suppose 20*n - 11*n - 261 = 0. Suppose 3282 = -23*m + n*m. What is the units digit of m?
7
Suppose -8*f - 28 + 12 = 0. Let s(p) = -5*p + 10. Let o(u) = -4*u + 11. Let j(x) = -2*o(x) + 3*s(x). What is the units digit of j(f)?
2
Let f(d) = 3*d**2 + 4*d - 1. Let u(h) = -2*h**3 - 4*h**2 - 5*h + 2. Let o(p) = -5*f(p) - 4*u(p). Let j be 3/2*8/6. What is the tens digit of o(j)?
6
Suppose -16*v = 26*v - 988512. What is the hundreds digit of (5/(-20))/(-3 + 70604/v)?
4
Let m(i) = -54*i - 72. Let b be m(-10). Let w = 90 + b. What is the hundreds digit of w?
5
Let h = -8205 - -33430. What is the hundreds digit of h?
2
Let h(q) = 12*q - 56. Let r be h(8). Suppose -6*x = -2558 - r. What is the hundreds digit of x?
4
Let k = 541 + -184. Let u = k + 255. Suppose -210 = -2*z + 2*s + 30, 5*z = -s + u. What is the tens digit of z?
2
Let n(s) = s**2 - 3*s - 16. Let v be n(-4). Suppose -v*g = -42*g + 20760. What is the units digit of g?
2
Let f(u) = 115*u**2 - 27*u - 46. Let n be f(-10). Suppose 26*d - n = 14*d. What is the tens digit of d?
7
Let x(p) = 1 + 7*p + 0 + 3 + p**3 - 9*p**2. Let n be x(8). What is the units digit of n + 1 + 2 + 77?
6
Let f(v) = v. Suppose 0 = 4*g - 4 - 0. Let d(s) = 8*s. Let k(l) = g*d(l) - 32*f(l). What is the tens digit of k(-2)?
4
Let x be 4/(3 + 22/(-8)). Let d = -318 + 325. Suppose x*k = d*k + 711. What is the tens digit of k?
7
Suppose -206689 = -40*p - 19*p + 299059. What is the units digit of p?
2
Let x = 401 - 347. Suppose -x = 4*w - 678. What is the units digit of w?
6
Let m = -46126 - -75075. What is the ten thousands digit of m?
2
Let m(t) = t**3 + 3*t**2 + 12*t - 10. Let y be m(7). Suppose 0 = -3*k + s + 225, -k = 4*k + 3*s - 389. Suppose -k = 4*z - y. What is the tens digit of z?
2
Suppose u + 4*a = 19741, 10*u = 12*u + 5*a - 39491. What is the ten thousands digit of u?
1
Suppose 3*y = -3*u + 1986, -8*y + 3301 = 5*u - 12*y. Let l = u - 231. What is the units digit of l?
0
Suppose 0 = -s + 3, -224*u + 227*u - 17196 = -4*s. What is the thousands digit of u?
5
Let r(x) = -10*x**2 + 8*x**2 + 8 + 46 + 46. Let j = -238 + 238. What is the tens digit of r(j)?
0
Let s(j) = -10*j - 20. Let b be s(-6). Let v = b + -34. Suppose v*l - 94 = 50. What is the tens digit of l?
2
What is the units digit of 6911*10/4 + (-1517)/3034?
7
Let v be 6*3*26/39. Suppose -v*b = -9*b - 1158. W